1
Evaluate (-16 - (0 - 10)) + 11.
5
What is -3 - -3 - 1 - (-2 + 6)?
-5
What is 125 + -141 - (-11 + 0)?
-5
What is (0 - -1) + 2 + -2 + -4?
-3
Evaluate 7 - 6 - (3 + -9).
7
Evaluate -9 + -1 - (133 + -150).
7
-1 + 1 + (1 - 3) + -1
-3
(-1 + (5 - 3) - 7) + 3
-3
Calculate -15 + (-11 - (11 + -31)).
-6
What is the value of -1 + (8 + -9 - (-1 - 2))?
1
Evaluate 5 + -6 + 8 + -7.
0
What is the value of 5 + 8 + (1 - 6)?
8
What is 0 - (-8 + -4 + 7)?
5
What is the value of (4 - 10) + 9 - (-2 - -12)?
-7
Evaluate -15 + 17 + 5 + -19 + 3.
-9
Evaluate -10 - -11 - (10 - 15).
6
What is the value of -1 + 0 + -1 - (2 - 2)?
-2
Calculate 4 + (-1 - 5) + 0.
-2
What is -6 - -1 - -7 - -2?
4
What is 10 + 1 + (7 - 15)?
3
-6 - (-12 + 8 + 2 + 0)
-4
What is 9 + -2 - (4 + 10 - 10)?
3
What is the value of -4 + (-5 + 0 - -4) + 1?
-4
What is -3 - -8 - 16 - -9?
-2
What is (-1 - 4) + 11 + -7 + 4?
3
Calculate 6 + -9 - (-1 - -2).
-4
What is -1 + 4 - (-25 + 30)?
-2
What is the value of 8 + -6 - (0 + 4)?
-2
Calculate -1 - (0 + 1 + -10 + 12).
-4
Calculate (-4 - -7) + (-2 - -4).
5
(1 - -12) + -2 - (20 + -15)
6
What is the value of 5 + -6 + 13 + -23?
-11
Evaluate 1 - (1 - ((1 - 1) + 0)).
0
Calculate -1 - (7 - 5 - (2 - 3)).
-4
What is the value of (-4 - (3 + 3 + -2)) + 4?
-4
What is the value of 4 + (-3 + -2 + -1 - 3)?
-5
Calculate (0 - -10) + (5 - 9).
6
What is the value of (-4 - (-3 - 8)) + -7?
0
-8 - (7 + -11 - -2)
-6
Evaluate -3 - 0 - (39 + -43).
1
Evaluate 1 + (-37 - -36) + 9 + 1.
10
-3 + -3 - -8 - (-6 - -1)
7
Evaluate -6 + (3 - -2) - -7.
6
What is the value of -4 + 10 - (-3 - -8)?
1
What is 9 - 1 - (-18 + (19 - -7))?
0
What is -1 + -1 + (1 + -2 - -2)?
-1
Calculate -3 + (-3 + 0 - (-7 - -5)).
-4
Evaluate 4 + -2 - (-1 - -5 - -4).
-6
Evaluate (-3 - -3) + 7 + -5 + 2.
4
Calculate 1 + (4 - 1 - (7 + -7)).
4
Evaluate -6 - (0 - 0) - (-40 + 42).
-8
Calculate -95 + 94 - (9 + -2).
-8
What is -10 + 10 - (3 - 7)?
4
Calculate -1 - (5 - (4 + 0)).
-2
Calculate -10 + 11 + 3 + -3 + 1.
2
Calculate (-2 - (-1 + 0)) + (-1 - -7).
5
Evaluate 4 - -7 - (8 + -1).
4
Evaluate 0 + 5 - (3 - (-1 - 7)).
-6
0 + -4 + -5 - (-12 + 9)
-6
Evaluate -3 - 3 - (-5 + 4).
-5
-1 + 5 + (-21 - -15)
-2
What is the value of (3 - 6 - 4) + 12 - 4?
1
Evaluate -3 + (4 - 3) + -2.
-4
What is 31 - 23 - 10 - (3 + -1)?
-4
What is (8 + -8 - -1) + (-1 - 3)?
-3
What is the value of -6 + -1 + (-1 - -5 - 1)?
-4
What is (-7 - -4) + 11 - 12?
-4
-7 + -2 + 5 + 2 + -4
-6
What is -20 + 8 + 1 + 2?
-9
-6 - (-6 + 5 + (-2 - -2))
-5
What is (1 - (0 - 3)) + (25 - 25)?
4
4 + (-4 - (-6 + 3))
3
4 + (-6 - (-5 - -4)) - -2
1
Evaluate 3 + -2 + 2 + -1.
2
Evaluate 0 - (6 + -12) - (13 - 4).
-3
Calculate (30 - 34) + (-4 - 1).
-9
Calculate -34 - -22 - (-8 - 0).
-4
-1 + (-5 - -1) + 10 + -2
3
What is the value of -3 + (-2 - -1) - (0 + 0)?
-4
Calculate 7 + -3 + -4 + 6 + -5.
1
Evaluate (3 - 7) + 2 - -3 - 0.
1
Calculate (-11 - (-16 - -8)) + (-1 - 0).
-4
Calculate 19 - 9 - (1 - -2) - 4.
3
(-1 - 2) + (-1 - (-4 + 4))
-4
Calculate (-9 + 4 - 0) + 3.
-2
Evaluate 0 - (0 + (-1 - 4)).
5
Calculate -3 + -3 + 8 + 4.
6
Evaluate (0 - -1) + -2 - (190 + -192).
1
What is 7 + -5 + -3 - -4?
3
Calculate 4 - (0 - (3 + -3)).
4
What is (-2 - 1) + (2 - 5)?
-6
Calculate -5 + (1 - -4) + -3 - -1.
-2
Calculate 2 + 1 + 0 - 4.
-1
What is (0 - 4) + 0 + 2?
-2
Evaluate 4 - -1 - (15 + -11).
1
Calculate -2 - (4 + -4 + 2).
-4
What is 3 + 2 + -6 + 2 + 1?
2
(-26 - -18) + (2 - -11)
5
What is 12 + -3 + 1 + -3 + -5?
2
0 - 2 - -9 - (-3 + 3)
7
What is (3 - 1 - 2) + 0 - 4?
-4
-4 - -20 - (9 + 3)
4
What is 3 - (3 + 2 - (4 - 0))?
2
-1 - (-2 - 0) - (-32 - -38)
-5
Evaluate 0 - (-1 + -6 + (4 - 0)).
3
(16 - 8) + -4 - (-1 - -8)
-3
What is -4 + -3 + 0 + 4?
-3
What is the value of 4 + 7 + -2 + -6?
3
What is (-96 - -100) + (0 - 0)?
4
-7 + (3 - (-4 + 4))
-4
What is the value of -5 - -3 - (-3 - (0 - 3))?
-2
-2 - (-7 - -7 - (2 - -1))
1
Calculate -69 - -72 - (-1 + -2).
6
-1 + -1 - (1 + (2 - 7))
2
What is the value of -7 + 0 + 4 + 5 + -2?
0
What is -6 + (-4 + 14 - 13)?
-9
Calculate -5 + (-13 - -4 - -7).
-7
What is (0 - -8 - 2) + -6?
0
Evaluate 2 - (-2 - -2 - -2 - 2).
2
Evaluate 1 + -5 + 3 + -4 + 2.
-3
What is the value of -1 + -4 + 3 - (-3 + 3)?
-2
Evaluate (-8 - (-8 + 3)) + 8.
5
Calculate -3 + (-2 + 2 - 1).
-4
Calculate -11 + 17 + (4 - 4 - 1).
5
What is the value of 3 + (-6 - -10) + -8?
-1
What is 0 - 1 - (51 + -55)?
3
Calculate (2 - 1) + -13 + 13 + -1.
0
Evaluate -1 + 0 + 5 - (-46 + 53).
-3
Evaluate (3 - (1 + (-7 - -4))) + 0.
5
What is -86 + 89 + (-1 - -2)?
4
Evaluate 5 - -2 - (-2 + (-5 - -4)).
10
What is the value of 2 + 6 + (-6 - 1) - 7?
-6
What is -3 + 0 + (15 - 18)?
-6
2 + -2 + -5 - (7 - 6)
-6
What is (-7 - -3) + (23 + -7 - 9)?
3
-3 + -1 - (0 + -8) - 8
-4
What is 10 + -2 + 0 + -14?
-6
What is the value of -10 - -3 - -15 - 7?
1
What is the value of -2 + -5 + 2 + 1?
-4
Calculate 2 + -4 - 1 - (2 + -5).
0
-2 + 1 + -2 - (-10 - -4)
3
Calculate 8 + -1 - (-1 - (3 + -17)).
-6
-1 + 4 + -4 + (2 - 2)
-1
What is the value of 7 + -1 + -5 - 2?
-1
Calculate -5 + 3 - (2 + 4 + -3).
-5
Evaluate -19 + 27 - (0 + 0).
8
What is the value of 6 - ((-10 + 2 - -14) + -1)?
1
What is 5 + (2 - (7 + -5)) - 4?
1
Calculate -12 - -16 - (-1 - -2).
3
Calculate 3 + -1 - (4 - 8 - -1).
5
(13 - 12) + (0 - 1) + 0
0
What is -1 + 6 + -7 - -3?
1
(-8 - -18) + (-1 - 4)
5
Calculate -6 + 4 + (5 - -2).
5
What is the value of (5 - 9) + (-3 + 0 - -9)?
2
Evaluate -2 + 1 + 4 + -2 + 0.
1
What is the value of (-31 - -19) + (14 - 1)?
1
Calculate 3 + (-3 + 6 + -1 - 10).
-5
What is the value of 4 + (-4 - 2) - 0?
-2
Evaluate -1 - -10 - 3 - 12.
-6
What is the value of 10 + -11 - (-1 - 1)?
1
What is (10 - 6) + (-2 - (-5 + 2))?
5
What is the value of (2 - (4 - (-2 + 1))) + 1?
-2
Calculate -1 + 6 + -10 + 2.
-3
What is the value of 4 + -6 - -5 - -1?
4
Evaluate 7 - 14 - (1 - 6).
-2
What is the value of -1 + (-2 - (2 + -10 + 4))?
1
5 + (-1 - -2) - (-17 - -29)
-6
What is the value of (-3 + -7 - -6) + 8?
4
What is -5 - (-3 - (3 - 2 - -5))?
4
2 + (7 - 8) + -5 + -5
-9
What is the value of 2 + (1 + -6 - -10)?
7
(4 - 0) + (-15 - -9)
-2
Calculate 4 + -3 + 2 - (-8 - -14).
-3
What is the value of 0 - 0 - (31 - 35)?
4
Evaluate (-9 - (4 - 6)) + 4 + -2.
-5
What is 12 - 1 - (23 + -14)?
2
Evaluate (12 - 14) + -2 + 6 + -1.
1
-1 + 3 + 2 + -5 - -3
2
What is the value of 2 + (-4 - -2 - (2 - 6))?
4
(0 - (-4 + 1)) + 1
4
What is the value of 3 + 3 + (-4 - 7)?
-5
Evaluate -9 + (0 - -1) + 5.
-3
Evaluate 9 - (-7 + 11) - 4.
1
What is the value of (4 - (-3 - -6)) + -4 - -1?
-2
(5 - 9) + -3 + 4 + 0
-3
Calculate -21 + 31 + -13 - (2 - 0).
-5
Calculate (2 - -1) + 12 + -5.
10
What is (8 - 12) + (-2 - (-2 - 0))?
-4
What is 2 - (-2 - -4) - 0?
0
182 + -187 + (1 - (1 + 2))
-7
(4 - 1) + -3 - (-3 - 0)
3
What is the value of -13 + 12 + -3 - 6?
-10
-8 - ((-5 - -2 - -2) + -5)
-2
What is 1 + (4 - (1 - -1) - 0)?
3
Evaluate 15 + -11 + -2 + 2.
4
What is the value of -3 + 16 + -6 + 9 + -8?
8
3 - (-5 - -7 - (-3 + -1))
-3
Calculate (1 + 0 - 1) + (0 - 5).
-5
What is 1 + (5 - 4) + -4?
-2
What is -2 - 1 - (-20 - -14)?
3
What is -3 - (-7 + 8) - 1?
-5
Evaluate (2 - 3 - -16) + -5.
10
What is the value of -19 - -17 - (-4 - (-1 - 0))?
1
-3 + 1 + (33 - 30) + -5
-4
What is 3 + (2 + -5 - -1)?
1
Evaluate 0 - (0 + (3 - 3) + 1).
-1
What is the value of 5 + (-2 - 2) + -3?
-2
-31 + 22 - (1 + 6) - -8
-8
What is the value of 6 + 2 - (24 + -17)?
1
-8 - (-3 - (-9 + 11))
-3
(7 - 1 - (9 + -5)) + -4
-2
Calculate -7 + (-1 - (0 - 2)) + 1.
-5
What is 0 + 3 - (-11 - -9)?
5
Calculate 3 + -10 - (6 + -17) - 4.
0
Calculate 16 + -11 + 5 - 10.
0
Calculate -4 - (-7 + -4 + 1).
6
What is -2 + -3 - (-7 + -1)?
3
Calculate -24 + 21 + (2 - -2).
1
What is 13 + (-7 - -2) - (-1 - -7)?
2
What is -2 - -6 - 2 - (13 - 12)?
1
4 + -2 - (1 + 0 - 6)
7
What is 4 - 1 - (128 + -121)?
-4
Calculate -4 - (-2 - (3 - -6)).
7
What is the value of (0 - 6) + (3 + 5 - 5)?
-3
2 + (0 - (1 + -1)) - 0
2
What is the value of 1 + -1 + 6 + -5?
1
What is 1 - 1 - -4 - 4?
0
4 + 0 + 3 - 3
4
What is the value of (10 - 10) + -12 - -22?
10
What is (3 + -3 - (-8 + 2)) + -3?
3
-4 + 4 + -4 + 6
2
-1 - (-2 + -3 + 3) - -3
4
Calculate -1 + (0 - -2) + (0 - -1).
2
What is the value of (-5 - -4) + (2 - 2) + 2?
1
What is the value of 3 + 0 - (7 + (-5 - -2))?
-1
Evaluate 0 + (3 - 1) - 2.
0
Calculate 0 - 8 - (-13 - (0 - 10)).
